{"id":325,"date":"2019-05-16T17:48:58","date_gmt":"2019-05-16T14:48:58","guid":{"rendered":"http:\/\/ozkorucu.com\/?page_id=325"},"modified":"2019-05-16T17:48:58","modified_gmt":"2019-05-16T14:48:58","slug":"fiber-optik-altyapi-sistemleri","status":"publish","type":"page","link":"http:\/\/www.ozkorucu.com\/index.php\/cozumlerimiz\/fiber-optik-ve-yapisal-kablolama-cozumlerimiz\/fiber-optik-altyapi-sistemleri\/","title":{"rendered":"Fiber Optik Altyap\u0131 Sistemleri"},"content":{"rendered":"\n<p><strong>Fiber Optik Altyap\u0131 Sistemleri<\/strong><\/p>\n\n\n\n<p><strong><em>&nbsp;&nbsp; <\/em><\/strong><a href=\"http:\/\/www.arisak.com.tr\/hizmetlerimiz\/fiber-optik-altyapi-sistemleri\/\"><strong><em>Fiber\noptik altyap\u0131 sistemleri<\/em><\/strong><\/a>, telekom\u00fcnikasyon, sa\u011fl\u0131k ve bili\u015fim sekt\u00f6rlerinde\nyo\u011funlukla kullan\u0131lmakta olup son zamanlarda h\u0131zla artan bir ivme ile CCTV\nuygulamalar\u0131nda da tercih edilir olmu\u015ftur. Video sinyallerini, CCTV kablolarla\n200 m, RG9\/U6 ile 500, RG11\/U6 ile 1 km\u2019ye kadar ta\u015f\u0131mak m\u00fcmk\u00fcnken, fiber optik\nkablolarla bu mesafe 75 km\u2019ye kadar \u00e7\u0131kmaktad\u0131r.<\/p>\n\n\n\n<div class=\"wp-block-image\"><figure class=\"aligncenter\"><img loading=\"lazy\" decoding=\"async\" width=\"762\" height=\"284\" src=\"http:\/\/ozkorucu.com\/wp-content\/uploads\/2019\/05\/RES\u0130M-1-19.jpg\" alt=\"\" class=\"wp-image-326\" srcset=\"http:\/\/www.ozkorucu.com\/wp-content\/uploads\/2019\/05\/RES\u0130M-1-19.jpg 762w, http:\/\/www.ozkorucu.com\/wp-content\/uploads\/2019\/05\/RES\u0130M-1-19-300x112.jpg 300w\" sizes=\"(max-width: 762px) 100vw, 762px\" \/><\/figure><\/div>\n\n\n\n<p>&nbsp;&nbsp; Video dahil her t\u00fcrl\u00fc datan\u0131n \u00e7ok uzun\nmesafelere, kay\u0131ps\u0131z ve y\u00fcksek h\u0131zlarda transferine olanak tan\u0131yan<em> fiber\noptik teknoloji<\/em>, herhangi bir ayar veya a\u011f tan\u0131mlamas\u0131 gerektirmez. Kolay\nuygulanabilirli\u011fi ve k\u0131sa devre korumal\u0131 yap\u0131s\u0131yla, CCTV projelerinizi sa\u011fl\u0131kl\u0131\nve uzun \u00f6m\u00fcrl\u00fc bir alt yap\u0131 \u00fczerine in\u015fa etmenize olanak tan\u0131r.<\/p>\n\n\n\n<p><strong>FiBER OPTiK\nSiSTEMLERiN AVANTAJLARI<\/strong><\/p>\n\n\n\n<ul><li>16 adet IP veya analog kamera      g\u00f6r\u00fcnt\u00fcs\u00fcn\u00fc sadece 1 core fiber kablo ile ta\u015f\u0131yabilme<\/li><li>Uzak mesafelere g\u00f6r\u00fcnt\u00fc ve data      aktar\u0131m\u0131<\/li><li>Cam yap\u0131da olmas\u0131ndan dolay\u0131      y\u0131ld\u0131r\u0131m da dahil manyetik alan veya benzer y\u00fcksek voltajlardan      etkilenmemesi<\/li><li>Topraklama i\u00e7in \u00f6zel koruma<\/li><li>Y\u00fcksek sinyal kalitesi      sayesinde kay\u0131ps\u0131z resim kalitesi<\/li><li>G\u00fcvenli data ve g\u00f6r\u00fcnt\u00fc      transferi<\/li><li>Uzun \u00f6m\u00fcrl\u00fc ve bak\u0131m-onar\u0131m kolayl\u0131\u011f\u0131<\/li><li>Basit kurulum ve h\u0131zl\u0131 montaj<\/li><li>Kanal ba\u015f\u0131na birim maliyetin      d\u00fc\u015f\u00fck olmas\u0131<\/li><li>Esnek ve geni\u015fletilebilir      kapasite imkan\u0131<\/li><li><\/li><\/ul>\n\n\n\n<div class=\"wp-block-image\"><figure class=\"aligncenter\"><img loading=\"lazy\" decoding=\"async\" width=\"1024\" height=\"441\" src=\"http:\/\/ozkorucu.com\/wp-content\/uploads\/2019\/05\/RES\u0130M-2-17-1024x441.jpg\" alt=\"\" class=\"wp-image-327\" srcset=\"http:\/\/www.ozkorucu.com\/wp-content\/uploads\/2019\/05\/RES\u0130M-2-17-1024x441.jpg 1024w, http:\/\/www.ozkorucu.com\/wp-content\/uploads\/2019\/05\/RES\u0130M-2-17-300x129.jpg 300w, http:\/\/www.ozkorucu.com\/wp-content\/uploads\/2019\/05\/RES\u0130M-2-17-768x330.jpg 768w, http:\/\/www.ozkorucu.com\/wp-content\/uploads\/2019\/05\/RES\u0130M-2-17.jpg 1220w\" sizes=\"(max-width: 1024px) 100vw, 1024px\" \/><\/figure><\/div>\n","protected":false},"excerpt":{"rendered":"<p>Fiber Optik Altyap\u0131 Sistemleri &nbsp;&nbsp; Fiber optik altyap\u0131 sistemleri, telekom\u00fcnikasyon, sa\u011fl\u0131k ve bili\u015fim sekt\u00f6rlerinde yo\u011funlukla kullan\u0131lmakta olup son zamanlarda h\u0131zla artan bir ivme ile CCTV uygulamalar\u0131nda da tercih edilir olmu\u015ftur. Video sinyallerini, CCTV kablolarla 200 m, RG9\/U6 ile 500, RG11\/U6 ile 1 km\u2019ye kadar ta\u015f\u0131mak m\u00fcmk\u00fcnken, fiber optik kablolarla bu mesafe 75 km\u2019ye kadar \u00e7\u0131kmaktad\u0131r. [&hellip;]<\/p>\n","protected":false},"author":1,"featured_media":0,"parent":147,"menu_order":1,"comment_status":"closed","ping_status":"closed","template":"","meta":{"footnotes":""},"_links":{"self":[{"href":"http:\/\/www.ozkorucu.com\/index.php\/wp-json\/wp\/v2\/pages\/325"}],"collection":[{"href":"http:\/\/www.ozkorucu.com\/index.php\/wp-json\/wp\/v2\/pages"}],"about":[{"href":"http:\/\/www.ozkorucu.com\/index.php\/wp-json\/wp\/v2\/types\/page"}],"author":[{"embeddable":true,"href":"http:\/\/www.ozkorucu.com\/index.php\/wp-json\/wp\/v2\/users\/1"}],"replies":[{"embeddable":true,"href":"http:\/\/www.ozkorucu.com\/index.php\/wp-json\/wp\/v2\/comments?post=325"}],"version-history":[{"count":1,"href":"http:\/\/www.ozkorucu.com\/index.php\/wp-json\/wp\/v2\/pages\/325\/revisions"}],"predecessor-version":[{"id":328,"href":"http:\/\/www.ozkorucu.com\/index.php\/wp-json\/wp\/v2\/pages\/325\/revisions\/328"}],"up":[{"embeddable":true,"href":"http:\/\/www.ozkorucu.com\/index.php\/wp-json\/wp\/v2\/pages\/147"}],"wp:attachment":[{"href":"http:\/\/www.ozkorucu.com\/index.php\/wp-json\/wp\/v2\/media?parent=325"}],"curies":[{"name":"wp","href":"https:\/\/api.w.org\/{rel}","templated":true}]}}